 18 divide 302?
False
Is 14620 a multiple of 17?
True
Is 206 even?
True
Is 12 a factor of 240?
True
Is 546 a multiple of 26?
True
Is 85120 a multiple of 128?
True
Does 25 divide 850?
True
Is 6 a factor of 2071?
False
Does 137 divide 3651?
False
Is 13056 a multiple of 26?
False
Is 30 a factor of 450?
True
Does 24 divide 3960?
True
Is 112 a multiple of 56?
True
Is 6 a factor of 36?
True
Is 27257 a multiple of 22?
False
Is 9945 a multiple of 65?
True
Does 34 divide 8690?
False
Is 663 a multiple of 17?
True
Is 58 a factor of 1302?
False
Is 23 a factor of 4370?
True
Is 36 a factor of 3312?
True
Does 5 divide 1815?
True
Is 27612 a multiple of 6?
True
Is 72 a multiple of 6?
True
Does 19 divide 79373?
False
Is 16 a factor of 4208?
True
Does 27 divide 11826?
True
Is 39 a factor of 1506?
False
Is 1032 a multiple of 6?
True
Does 38 divide 3078?
True
Is 2261 a multiple of 119?
True
Is 4890 a multiple of 15?
True
Is 63 a multiple of 16?
False
Is 12 a factor of 311?
False
Is 17 a factor of 8041?
True
Does 37 divide 4699?
True
Does 115 divide 3105?
True
Is 122972 a multiple of 284?
True
Does 46 divide 1856?
False
Is 27 a factor of 2376?
True
Does 15 divide 345?
True
Is 85050 a multiple of 210?
True
Is 21 a factor of 958?
False
Is 10 a factor of 3640?
True
Does 4 divide 1782?
False
Is 67 a factor of 31691?
True
Is 7 a factor of 1236?
False
Is 38 a factor of 114?
True
Is 4 a factor of 20?
True
Is 7 a factor of 2954?
True
Does 90 divide 3960?
True
Does 17 divide 5588?
False
Is 187 a factor of 33473?
True
Does 7 divide 11685?
False
Is 40670 a multiple of 98?
True
Is 928 a multiple of 58?
True
Is 608 a multiple of 32?
True
Is 13 a factor of 234?
True
Is 14 a factor of 7896?
True
Does 5 divide 387?
False
Is 16 a factor of 592?
True
Does 5 divide 230?
True
Does 3 divide 1998?
True
Is 1210 a multiple of 110?
True
Is 10 a factor of 15224?
False
Does 18 divide 3168?
True
Does 104 divide 39312?
True
Is 516 a multiple of 43?
True
Is 64 a factor of 4160?
True
Is 2 a factor of 288?
True
Is 29321 a multiple of 269?
True
Is 9 a factor of 1332?
True
Is 1581 a multiple of 51?
True
Is 6114 a multiple of 12?
False
Does 11 divide 8635?
True
Is 13 a factor of 66623?
False
Is 5 a factor of 100?
True
Does 25 divide 22383?
False
Is 24 a factor of 2543?
False
Is 6 a factor of 120?
True
Does 8 divide 27880?
True
Is 6 a factor of 731?
False
Does 24 divide 4344?
True
Does 15 divide 1113?
False
Does 24 divide 421?
False
Is 169869 a multiple of 13?
False
Is 29 a factor of 5133?
True
Is 1789 a multiple of 2?
False
Does 11 divide 995?
False
Does 19 divide 39144?
False
Is 61 a factor of 67419?
False
Is 464 a multiple of 23?
False
Does 34 divide 261?
False
Is 14 a factor of 546?
True
Is 56 a factor of 3346?
False
Is 8 a factor of 5229?
False
Is 51 a multiple of 5?
False
Is 1017 even?
False
Does 42 divide 14448?
True
Is 18 a factor of 5094?
True
Is 64 a factor of 7488?
True
Does 56 divide 4041?
False
Is 6954 a multiple of 114?
True
Is 16 a factor of 5056?
True
Does 23 divide 230?
True
Does 30 divide 660?
True
Does 64 divide 3696?
False
Is 11491 a multiple of 34?
False
Is 30330 a multiple of 13?
False
Does 8 divide 216?
True
Is 51 a factor of 3493?
False
Is 30 a factor of 50310?
True
Is 1242 a multiple of 33?
False
Is 1021 a multiple of 27?
False
Is 21 a factor of 16090?
False
Is 13 a factor of 10725?
True
Is 48 a factor of 912?
True
Is 12821 a multiple of 17?
False
Is 7 a factor of 250?
False
Is 270 a factor of 27000?
True
Does 8 divide 6576?
True
Does 12 divide 324?
True
Is 142 a factor of 53960?
True
Is 411 a multiple of 13?
False
Is 27 a factor of 198?
False
Is 23 a factor of 505?
False
Is 38 a factor of 15629?
False
Is 21 a factor of 22806?
True
Does 5 divide 800?
True
Is 8214 a multiple of 37?
True
Is 30 a factor of 16360?
False
Is 195 a multiple of 4?
False
Is 16 a factor of 8058?
False
Does 29 divide 2395?
False
Is 11 a factor of 980?
False
Does 18 divide 138852?
True
Is 20 a factor of 79?
False
Is 237 a factor of 12084?
False
Is 201 a multiple of 8?
False
Is 13 a factor of 689?
True
Is 33 a factor of 3795?
True
Does 3 divide 1401?
True
Is 6 a factor of 168?
True
Is 78792 a multiple of 14?
True
Is 36 a factor of 42192?
True
Does 22 divide 1862?
False
Does 45 divide 1215?
True
Is 2046 a multiple of 22?
True
Is 178 a multiple of 8?
False
Does 12 divide 5510?
False
Is 13 a factor of 2483?
True
Does 2 divide 860?
True
Is 1004 a multiple of 84?
False
Does 64 divide 424?
False
Is 1056 a multiple of 22?
True
Is 21 a factor of 765?
False
Is 89 a factor of 20559?
True
Is 8413 a multiple of 56?
False
Is 2086 a multiple of 14?
True
Does 129 divide 37635?
False
Is 264 a multiple of 11?
True
Does 66 divide 589?
False
Does 14 divide 382?
False
Does 56 divide 728?
True
Is 11 a factor of 1034?
True
Does 3 divide 4350?
True
Is 118572 a multiple of 15?
False
Is 81483 a multiple of 45?
False
Is 2330 a multiple of 21?
False
Does 13 divide 19865?
False
Is 17227 a multiple of 107?
True
Does 55 divide 9781?
False
Does 8 divide 24979?
False
Is 14 a factor of 3990?
True
Does 5 divide 100?
True
Does 90 divide 90?
True
Is 5600 a multiple of 56?
True
Is 14 a factor of 238?
True
Does 8 divide 16?
True
Is 37109 a multiple of 43?
True
Is 7 a factor of 39?
False
Does 27 divide 36?
False
Is 61 a factor of 51545?
True
Is 1043 a multiple of 10?
False
Does 36 divide 108?
True
Is 43 a factor of 6880?
True
Is 122 a factor of 25125?
False
Does 24 divide 2976?
True
Is 15 a factor of 49?
False
Does 17 divide 37291?
False
Is 10681 a multiple of 13?
False
Is 37 a factor of 9739?
False
Is 7 a factor of 1386?
True
Does 17 divide 78?
False
Is 69 a multiple of 3?
True
Does 47 divide 1558?
False
Is 8 a factor of 24?
True
Does 385 divide 98653?
False
Is 225 a multiple of 15?
True
Is 1001 a multiple of 143?
True
Is 51 a factor of 11577?
True
Is 26495 a multiple of 287?
False
Is 938 a multiple of 12?
False
Is 390 a multiple of 16?
False
Does 3 divide 2924?
False
Does 56 divide 599?
False
Is 801 a multiple of 89?
True
Does 43 divide 255?
False
Does 75 divide 24450?
True
Does 17 divide 8483?
True
Does 31 divide 13130?
False
Is 86 a factor of 19650?
False
Is 33 a factor of 1044?
False
Is 299 a multiple of 13?
True
Is 46 a factor of 414?
True
Is 414 a multiple of 16?
False
Is 187 a factor of 15147?
True
Is 30 a factor of 4290?
True
Is 11 a factor of 8437?
True
Is 19898 a multiple of 34?
False
Is 504 a multiple of 18?
True
Does 20 divide 388?
False
Is 3614 even?
True
Does 64 divide 192?
True
Is 2693 a multiple of 17?
False
Is 8 a factor of 9974?
False
Is 743 a multiple of 19?
False
Is 26 a factor of 5876?
True
Is 37219 a multiple of 13?
True
Does 101 divide 33936?
True
Does 13 divide 1143?
False
Does 4 divide 168?
True
Does 20 divide 935?
False
Does 21 divide 30228?
False
Is 9 a factor of 951?
False
Is 105 a factor of 4871?
False
Is 17498 a multiple of 92?
False
Is 162 a multiple of 3?
True
Is 584 a multiple of 23?
False
Is 1071 a multiple of 51?
True
Is 7 a factor of 7768?
False
Is 9 a factor of 276?
False
Is 5670 a multiple of 3?
True
Does 13 divide 7679?
False
Does 84 divide 3900?
False
Does 38 divide 1178?
True
Does 6 divide 84?
True
Is 13 a factor of 1430?
True
Is 1639 a multiple of 40?
False
Is 10 a factor of 480?
True
Does 7 divide 1074?
False
Does 43 divide 1240?
False
Does 97 divide 795?
False
Is 72 a factor of 10152?
True
Does 88 divide 704?
True
Is 14 a factor of 1057?
False
Does 11 divide 22011?
True
Is 72 a factor of 15389?
False
Is 16 a factor of 13952?
True
Does 6 divide 1332?
True
Is 106 a factor of 11448?
True
Is 13 a factor of 246?
False
Does 25 divide 8214?
False
Is 601 a multiple of 12?
False
Is 4381 a multiple of 3?
False
Does 37 divide 3984?
False
Is 3807 a multiple of 27?
True
Is 133 a multiple of 14?
False
Is 40 a factor of 2022?
False
Is 2 a factor of 950?
True
Is 7230 a multiple of 10?
True
Is 103 a multiple of 6?
False
Is 82 a factor of 59786?
False
Is 10 a factor of 1299?
False
Is 463 a multiple of 14?
False
Does 149 divide 10051?
False
Is 11508 a multiple of 3?
True
Is 230 a factor of 4182?
False
Is 629 a multiple of 4?
False
Does 40 divide 3678?
False
Is 71 a factor of 1367?
False
Does 17 divide 10030?
True
Is 9 a factor of 5292?
True
Does 32 divide 19200?
True
Is 27 a factor of 189?
True
Is 6 a factor of 9